ided by l.
40
Suppose -5*m = -3*q + 32, -2*m + 18 + 25 = 5*q. Suppose 5*i - 4 - 6 = 0. Suppose -2*g + i = -8. What is the remainder when q is divided by g?
4
Suppose 2*l - 25 = 25. Suppose 2*y + 88 = -2*y. Let h = -9 - y. What is the remainder when l is divided by h?
12
Suppose 0 = c - 2 + 4. Let r(f) = 7*f**3 - f**2 + 3*f + 1. Let i be r(c). Let x = 91 + i. Calculate the remainder when x is divided by 9.
8
Let w = -24 - -41. What is the remainder when 33 is divided by w?
16
Let y = 146 + -63. Calculate the remainder when y is divided by 11.
6
Suppose 2 = 3*q - m, -3*m - 6 + 4 = -5*q. What is the remainder when 43 is divided by 21 - (-1)/(q - 0)?
21
Let l be 13/(-11) + (-8)/(-44). Let w(i) = -30*i - 1. What is the remainder when w(l) is divided by 15?
14
Suppose -3*p - 4*n = -6*p + 44, -4*p + 63 = -n. Calculate the remainder when 31 is divided by p.
15
Suppose u + 0*u = 6. Suppose -32 = -4*m + 2*b - u*b, -4*m + 5*b + 5 = 0. What is the remainder when 18 is divided by 8/20 + 48/m?
8
Calculate the remainder when (-6 - (-7 - -2)) + 15 is divided by 6.
2
Suppose 24 + 12 = 3*l. Suppose -3*g - 33 = -4*g. Calculate the remainder when g is divided by l.
9
Calculate the remainder when (-42)/(-273) + 1634/26 is divided by 14.
7
Suppose 7 + 13 = 5*w. Suppose -w + 16 = 4*r. Calculate the remainder when 9 is divided by r.
0
Let q(t) = -t - 1. What is the remainder when 4 is divided by q(-5)?
0
What is the remainder when 15 is divided by (2/6)/((-3)/(-36))?
3
Let j be (-3)/12 - 12/16. Let v(x) = x**3 + 7*x**2 + 2*x - 3. What is the remainder when v(-5) is divided by 8 + j + (5 - 2)?
7
Let y(m) = -m**3 - 8*m**2 + 7*m - 9. What is the remainder when y(-9) is divided by 7?
2
Let j(x) = -x**2 + 8*x + 12. Suppose 0 = -p + 15 - 6. Let a be j(p). What is the remainder when 28 is divided by (-37)/(-4) - a/(-4)?
8
Suppose -2*x - 4*w = -7*w - 17, 2 = 2*x + 2*w. What is the remainder when 9 is divided by x?
1
Calculate the remainder when 22 + (-2 - (1 + -3)) is divided by 6.
4
Suppose 12 - 4 = 4*t. Let v = 29 + -9. Calculate the remainder when 6/t + 55/1 is divided by v.
18
Suppose 4*c + 2*v + 12 = -3*v, 24 = 4*c - 4*v. Suppose -c*s - 21 - 3 = 0. Let u = s - -29. What is the remainder when 33 is divided by u?
16
Suppose n - 4 = 3. Let w be -1 + 3 + -2 + 3. Let o = 23 - w. Calculate the remainder when o is divided by n.
6
Let h = 158 - 124. Calculate the remainder when 201 is divided by h.
31
Suppose -30 = -4*l - u, 0 = -3*l + 5*l + 3*u - 10. What is the remainder when 14 is divided by l?
6
Suppose -3*g = 2*a - 11, -3*g + 19 = -4*a - 22. What is the remainder when (18/(-5))/(6/(-30)) is divided by g?
4
What is the remainder when 25/((4/8)/1) is divided by 17?
16
Suppose 0 = -4*r + 18 + 78. Calculate the remainder when 94 is divided by r.
22
Suppose -i = -2*z + 15 + 32, -z = -4*i - 27. Let k = 34 - z. What is the remainder when k is divided by 7?
4
Let p = 23 - 11. Let j = p + -4. Let l = j - 5. What is the remainder when 5 is divided by l?
2
Suppose -v - 2 = -5. What is the remainder when 4/(-40)*-4 + 76/10 is divided by v?
2
Let c = -5 + 9. Let r be (-6)/(-3) - 1 - 6. Let a = 8 + r. What is the remainder when c is divided by a?
1
Suppose 100 = -6*q + 2*q. Let d = -31 - 4. Let p = q - d. Calculate the remainder when 29 is divided by p.
9
Let m be 12/15*(-10)/4. Calculate the remainder when ((-8)/(-2))/(m/(-19)) is divided by 0 + 3/((-3)/(-10)).
8
Suppose -4*p = -67 + 19. Let w = -6 + p. Suppose 5*f - 4*s = 67, -4*f - s + 59 = -w*s. Calculate the remainder when f is divided by 4.
3
What is the remainder when 4*(-18)/(-4) - -3 is divided by 8?
5
Let h be (-2)/((-21)/18 - -1). Let v = -3 + h. Suppose -4*c + 40 = -24. Calculate the remainder when c is divided by v.
7
Suppose 3*g - 2*u - 153 = 0, 2*g + 3*u - 255 = -3*g. Calculate the remainder when g is divided by 9.
6
Suppose -2*l + 2*u + 14 = u, -2*l + 5*u + 6 = 0. What is the remainder when 0 + 13 + (-15)/(-5) + -1 is divided by l?
7
Let l(w) = -10*w - 1. Let g be l(-1). Let c = 18 - g. What is the remainder when 17 is divided by c?
8
Suppose -v - 8 = 57. Let i = -20 - v. Calculate the remainder when i is divided by 16.
13
Suppose 0 = -5*f + 2*y - 3*y - 2551, -4*f + 5*y - 2035 = 0. What is the remainder when f/(-18) - (-1)/(-3) is divided by 15?
13
Let r = 11 - 7. Suppose i - r = -i. Calculate the remainder when 7 is divided by i.
1
Let j = 55 - 24. Suppose 52 = 3*f + r, r = 3*f + 5*r - 64. What is the remainder when j is divided by f?
15
Let z be (-12)/8 - (-2)/(-4). Let c = z + 4. What is the remainder when 25 is divided by c/(-4) - 38/(-4)?
7
Suppose 3*s = 2*w - 3, -7*s + 5 = -2*s. Suppose -5*h + 2 = -w*h - 2*a, -3*h = a - 7. What is the remainder when (-13)/(-3) + 1/(-3) is divided by h?
0
Calculate the remainder when 135/(-2)*(-2)/3 is divided by 12.
9
Let s be 10/(-4)*(-16)/20. Suppose s*l = -2*l + 12. Suppose 2*y = -l - 3, 20 = 4*f + 4*y. Calculate the remainder when f is divided by 3.
2
Let y be (-10)/(-4) + 7/(-14). Suppose -a - y*g + 12 = -g, -3*g = -4*a + 62. What is the remainder when 55 is divided by a?
13
What is the remainder when 29 is divided by ((-2)/3)/(3/((-153)/2))?
12
Suppose 0 = 5*n + 2*x + x - 52, -2*x = -2*n + 24. Calculate the remainder when n is divided by 3.
2
Let n(v) = -5*v**3 - 5*v**2 + 2*v + 8. Let s(r) = -6*r**3 - 5*r**2 + 2*r + 9. Let u(y) = -5*n(y) + 4*s(y). Calculate the remainder when u(-3) is divided by 7.
6
What is the remainder when 159 is divided by ((-1)/(-2))/(2/108)?
24
Let y(l) = -l**3 + 6*l**2 - l - 5. Calculate the remainder when y(4) is divided by 13.
10
Let a(k) = -k**3 - k**2. Let w(v) = 4*v**3 + 2*v**2 - 1. Let c(s) = -2*a(s) - w(s). Calculate the remainder when c(-2) is divided by (-10)/(-1 + 0) + 0.
7
Let g(a) = -2*a + 28. What is the remainder when g(-13) is divided by 14?
12
Let u = 565 + -300. Calculate the remainder when u is divided by 19.
18
Let x(v) = -v**2 - 13*v - 17. What is the remainder when 24 is divided by x(-10)?
11
Let a be ((-6)/4)/((-2)/12). Let u(w) = -w**2 + 6*w + 8. Let z be u(7). Let s = a + z. Calculate the remainder when s is divided by 6.
4
Suppose 4 = -5*c + 4*h, -3*h = c + c - 3. Suppose c*k + 28 = 2*k. What is the remainder when 189/(-35)*(-10)/2 is divided by k?
13
Let r = -101 - -106. Calculate the remainder when 43 is divided by r.
3
What is the remainder when 5/(10/364) - (2 - -1) is divided by 30?
29
Suppose -4*w + 1 = 2*p - 1, -2*w = -3*p + 27. Let u(f) = -f**2 + 10*f - 4. What is the remainder when 49 is divided by u(p)?
15
Let m(u) = u**2 - 3*u - 2. Let b = -2 + -2. Let d = b + 10. Calculate the remainder when m(-3) is divided by d.
4
Suppose 4*t = -w + 34, -5*w + t - 65 = -151. Let j = -78 - -88. What is the remainder when w is divided by j?
8
Let m = 141 - 122. What is the remainder when m is divided by 10?
9
Let b(r) = -16*r - 5. Let x be b(-5). Suppose -4*d + x = -49. Suppose -d = -y - 9. Calculate the remainder when y is divided by 8.
6
Let z = -34 + 87. Calculate the remainder when z is divided by 11.
9
Let q(c) = 2*c - 7. Let b be q(4). Calculate the remainder when (-1)/((-1)/b)*19 is divided by ((-12)/9)/(2/(-15)).
9
Suppose 5*j + q - 114 = 0, j + q + q - 21 = 0. What is the remainder when j is divided by 2*1 + 11/1?
10
Calculate the remainder when (-112)/(-4) + 16/4 is divided by 12.
8
Let v = 5 + 14. Let l(s) = s**3 - 7*s**2. Let x be l(7). Suppose 10 = d - x*d. Calculate the remainder when v is divided by d.
9
Let d(u) = 2*u**2 - 10*u - 8. Calculate the remainder when d(-5) is divided by 32.
28
Suppose -3*w + 45 = 5*z + 12, 2*w + 3*z = 21. Let f = w - 2. Calculate the remainder when 9 is divided by f.
1
Let x(w) = -w**3 - w**2 - 2*w + 7. What is the remainder when 61 is divided by x(-3)?
30
Let w(u) = 4*u**3 + 6*u**2 + 4*u + 4. Let t be w(-4). Let g = t + 91. Let b = g - -118. Calculate the remainder when b is divided by 13.
11
Let m be (0 - 1 - 1) + 2. Let c be (62/(-10))/((-6)/30). Suppose m = -2*w + 3*w - c. Calculate the remainder when w is divided by 16.
15
Suppose 24 + 6 = 5*g. Suppose -3*m + g = -3. Suppose 5*q = m*q + 20. Calculate the remainder when q is divided by 4.
2
Suppose -4*i + 2*i = 0. Suppose -4*k = -b + 73, -2*b = -i*b - k - 125. Calculate the remainder when b is divided by 21.
19
Suppose q + 0 - 4 